 2243. List the prime factors of r.
563
Suppose 43*y - 2 = 48*y + 2*w, 0 = -5*w - 5. Suppose 5*m - 2195 + 65 = 5*r, m + 3*r - 430 = y. List the prime factors of m.
7, 61
Let b(o) = -21*o - 12. Let f = 6 + 2. Let w be b(f). Let l = w + 273. What are the prime factors of l?
3, 31
Let l(i) = 73*i**2 - 19*i + 18. Let u be l(-11). Suppose -u = -617*j + 607*j. List the prime factors of j.
2, 3, 151
Suppose 65*q + 88 = 57*q. Let z(i) = 3*i**2 + 7*i - 25. What are the prime factors of z(q)?
3, 29
Suppose 157 = 2*t + 11. Let c(r) = 5*r + 2 + 3*r**2 + r**2 + 35*r**3 - t*r**3. What are the prime factors of c(-1)?
3, 13
Let w(s) = -7*s**3 - 5*s**2 + 9*s + 7. What are the prime factors of w(-9)?
2, 17
Suppose -8 = -7*t - 1. List the prime factors of 2/(2471/819 - (t + 2)).
3, 13
Let m(n) = n**3 - 11*n**2 - 8*n - 8. Let k be m(12). Suppose k*x + 8 = 39*x. List the prime factors of (-61)/(-1) + (x - -4).
3, 19
Suppose 0 = 32*s - 17025 + 4929. Let i = s + -191. What are the prime factors of i?
11, 17
Let w(v) = 6*v**2 + 161 + 2*v - 8*v - v**3 - 153. Let x be w(5). Suppose -2*f = -0*f - 3*c - 23, -f - x*c + 16 = 0. List the prime factors of f.
13
Suppose 2*b + 238 = 2*d + 5588, 4*b = -4*d + 10692. List the prime factors of b.
2, 7, 191
Suppose 2*w + 100 = 7*w. Suppose -w = -2*x - 0. Suppose 4*d = -4*o + 79 + 61, 2*d + x = 0. What are the prime factors of o?
2, 5
Suppose 19*i - 24*i + 16693 = 4*y, -5*y = -5*i - 20810. What are the prime factors of y?
3, 463
Let p(n) = 3*n**2 + 22*n + 17. Let y(i) = 3*i**2 + 22*i + 18. Let b(h) = -6*p(h) + 5*y(h). Let m be b(-10). Let c = m + 151. List the prime factors of c.
59
Suppose -3*b = 23 - 2. Let z(i) = -6*i**3 - 2*i + 3. Let x(u) = 13*u**3 - u**2 + 5*u - 6. Let v(c) = b*z(c) - 3*x(c). What are the prime factors of v(2)?
31
Suppose -5*v + 3187 = 827. Let i = v + -193. What are the prime factors of i?
3, 31
What are the prime factors of ((-1704)/(-60))/(9*5/1950)*3?
2, 13, 71
Suppose 1 - 13 = -3*i. Let a be (-12)/16 + 55/i. Let p(x) = -x**2 + 19*x - 19. List the prime factors of p(a).
59
Suppose 5*m = -5, 5*d + 21 = 6*d + 4*m. Suppose -4*o + 4*b = -20, -6*o + o - 5*b + d = 0. Suppose 7*f - o*f = 130. List the prime factors of f.
5, 13
Let z be ((-239)/5 + 0)/((-27)/135). Let q = z + -127. What are the prime factors of q?
2, 7
Let n = -1277 - -1280. Let h(b) = -b - 2. Let r be h(2). List the prime factors of r - (-221 + (7 - n)).
3, 71
Suppose 0 = -5*m - 5, -f + 5*m = -3 - 3. Let o = 49 + f. List the prime factors of (-336)/(-5) - 10/o.
67
Let c be (-113 - -2)*(-183)/9. Let g = -1272 + c. List the prime factors of g.
5, 197
Let u(l) = -134*l - 10 + 0 - 8 + 0. List the prime factors of u(-3).
2, 3
Suppose 6*u - 7 = 5. Suppose 0 = -u*n + 2*k + 335 + 265, 0 = 5*n + 2*k - 1486. What are the prime factors of n?
2, 149
List the prime factors of 4 + (1/(70/21) - 17587/(-10)).
41, 43
Suppose c - 4*b - 118 = 0, -5*c + 511 = -c - 3*b. Let h = c + -185. What are the prime factors of (-5)/(h/(-2)) + 1794/66?
3
Suppose 499474 - 407033 = 250*j - 879309. What are the prime factors of j?
13, 23
Let f(t) = 25*t**3 - 11*t**2 + 31*t - 12. What are the prime factors of f(5)?
41, 73
Suppose -986 = 26*n - 154. Let y(b) = -b**2 - 47*b - 74. What are the prime factors of y(n)?
2, 7, 29
Let z(n) = 4*n - 12. Let a be z(5). Let h be (-27)/36*(a + 0). List the prime factors of (-688)/h - (-8)/24.
5, 23
Let g = -28 - -26. Let d = 758 - 213. What are the prime factors of g/(-12) - d/(-6)?
7, 13
Let m be 795/24 + (-2)/16. Suppose -4*j - 3*s + m = -2*s, j - 5*s = 3. Suppose 0 = -j*y - 294 + 1302. List the prime factors of y.
2, 3, 7
Suppose 95*d - 78624 = 77*d. What are the prime factors of d?
2, 3, 7, 13
Let j = 4 + 21. Suppose -j*b + 29*b - 1324 = 0. What are the prime factors of b?
331
Let r be 70/(-15)*(-183 + 0). Let q = r - 557. List the prime factors of q.
3, 11
Suppose -y + 6*y - 90 = 0. Suppose -y*j - 1070 = -23*j. List the prime factors of j.
2, 107
Let m be 1*3*(-433)/(-3). Suppose 41*z = 2 + 128 + 75. Suppose -2*c = z*o - 547, 5*o - o - 3*c = m. What are the prime factors of o?
109
Let p = -1067 - -1071. Suppose 3*d + 119 = 518. Suppose 3*x = -p*x + d. List the prime factors of x.
19
Let r(s) = -26*s**3 - 2*s**2 - 3*s - 2. Let l be r(-2). Suppose -8*w - 4*w = -l. List the prime factors of w.
17
Suppose 150 = -w + 148. List the prime factors of 273*4/(-6)*w.
2, 7, 13
Let s(w) = 7*w**3 + 11*w**2 + 11*w + 6. Let j be s(5). Suppose -3*m + 2689 = -j. List the prime factors of m.
2, 5, 13
Suppose -719524 = -233*d + 3211292 + 6224489. What are the prime factors of d?
5, 23, 379
Suppose -603*z + 619*z = 609328. List the prime factors of z.
38083
Let z(q) = 20*q - 3 - 19 + 4*q**2 + 23. What are the prime factors of z(9)?
5, 101
Suppose 345*z - 10980550 = -113*z. What are the prime factors of z?
5, 7, 137
Let z(a) = -a**3 - 7*a**2 + 16*a - 20. Let f be z(-9). Let l be (-22 + 7)*(2 - (1 + f)). Let v = l - -150. List the prime factors of v.
3, 5, 7
Suppose 0 = -17*x + 21*x. Let f = x + 8. Suppose -15 = -p - f. List the prime factors of p.
7
Let v = -27825 - -43554. What are the prime factors of v?
3, 7, 107
Let b = -11387 + 19823. What are the prime factors of b?
2, 3, 19, 37
Let w = 167393 + -114252. What are the prime factors of w?
11, 4831
Let s(a) = 10*a**2 - 9*a - 66. Let u = 103 - 108. What are the prime factors of s(u)?
229
Let w be (4 - (6 - -1)) + 4. What are the prime factors of w/5 - 5847/(-15)?
2, 3, 5, 13
Suppose 2*k = -70 - 2. Let m = 12 - k. Let x = m - 9. List the prime factors of x.
3, 13
Let z(m) = m**2 - 2*m - 6. Let x(j) = -j. Suppose 3*t + 2*w - 13 = 0, -2*w = -7*t + 3*t - 6. Let k(u) = t*z(u) + 4*x(u). What are the prime factors of k(-9)?
3, 43
Let u(p) = p**3 - 19*p**2 - 126*p - 111. List the prime factors of u(31).
3, 5, 167
Suppose 23340 = 16*g - 95592 - 360860. List the prime factors of g.
157, 191
Let u(b) = 367*b + 13. Let v be u(-4). Let a = -1037 - v. List the prime factors of a.
2, 11, 19
Suppose 5*r + 3*p - 48 = 0, 4*r + 5*p - 11 - 30 = 0. Let f(g) = -79 + 2*g**2 - 2*g + 33 - 4*g + 31. What are the prime factors of f(r)?
3, 31
Let b(f) = 51*f**2 + 2*f + 49. What are the prime factors of b(-18)?
23, 719
Let s = 6876 + 1456. List the prime factors of s.
2, 2083
Let k(u) = 3*u**2 - 152*u - 123. What are the prime factors of k(-34)?
8513
Suppose 0 = h - 8, -39*h + 35*h = -2*y + 47960. What are the prime factors of y?
2, 7, 857
Suppose -91*y + 1702635 = 74*y. List the prime factors of y.
17, 607
Suppose 42043 = s - 4*l, -233*s + 42035 = -232*s - 2*l. List the prime factors of s.
3, 14009
Suppose -65*v = -61*v + 4316. Let t = v + 2173. What are the prime factors of t?
2, 547
Let n(b) = 38*b - 2. Let f be n(1). Suppose 0 = h - 5*h - f. What are the prime factors of (h - 1)*(-7 - -3)?
2, 5
Suppose 0 = -3796*o + 3776*o + 54540. What are the prime factors of o?
3, 101
Suppose -14*x - 5058 + 30244 = 0. Suppose -11*f = -4185 - x. List the prime factors of f.
2, 17
What are the prime factors of (-22365200)/(-624) + (-1)/(-3) + -2?
2, 5, 7
Suppose 7*l = 37 - 2. Suppose -l*g - 1029 = -5544. List the prime factors of g.
3, 7, 43
Let p(n) = -2*n**3 + 6*n**2 + 10*n - 1. Let k(m) = -m**2 - 6*m + 2. Let x be k(-6). Suppose -6*v - 12 = -x*v. List the prime factors of p(v).
7, 11
Suppose v - 23567 + 6905 = -b, -16669 = -v - 2*b. List the prime factors of v.
5, 3331
Let w(g) = -g**3 - 7*g**2 - 5*g + 13. Let m = 2 + -92. Let u = 82 + m. List the prime factors of w(u).
3, 13
Let r(s) = 3*s**2 + 17*s. Let a be 2/(-3) - 368/(-48). Suppose 4*u - a*u - 27 = 0. What are the prime factors of r(u)?
2, 3, 5
Suppose -15 = -3*a, 0 = 73*r - 68*r + 2*a - 5600. Let c = -700 + r. What are the prime factors of c?
2, 11, 19
Let f(g) = 2*g**3 + 50*g**2 - 24*g + 23. Let h be f(-23). Suppose -33*k - h = -20907. List the prime factors of k.
2, 3, 23
Let r(l) = -l**2 - 13*l - 6. Let f(h) = -h**2 - 13*h - 7. Suppose -8*k + 4*k = 8. Let y(c) = k*f(c) + 3*r(c). What are the prime factors of y(-7)?
2, 19
Suppose 5*h - 5*j = 99290, -104 = -3*j - 110. List the prime factors of h.
2, 17, 73
Suppose 2*p - 35275 = i, -5*p + 67*i - 63*i + 88195 = 0. What are the prime factors of p?
5, 3527
Let p = -13555 + 24629. List the prime factors of p.
2, 7, 113
Suppose 5*l - 3*o = 